 485643?
4
What is the thousands digit of 437418?
7
What is the tens digit of 4187070?
7
What is the ten thousands digit of 3598913?
9
What is the thousands digit of 117277?
7
What is the millions digit of 8970889?
8
What is the units digit of 86745?
5
What is the thousands digit of 4423851?
3
What is the thousands digit of 398317?
8
What is the hundreds digit of 345492?
4
What is the hundred thousands digit of 1404959?
4
What is the units digit of 298605?
5
What is the units digit of 302482?
2
What is the tens digit of 174671?
7
What is the hundred thousands digit of 240963?
2
What is the hundreds digit of 27666911?
9
What is the tens digit of 105051?
5
What is the hundreds digit of 270122?
1
What is the ten thousands digit of 889602?
8
What is the units digit of 42239?
9
What is the hundreds digit of 1323411?
4
What is the thousands digit of 801794?
1
What is the hundreds digit of 1177552?
5
What is the thousands digit of 299301?
9
What is the ten thousands digit of 471115?
7
What is the tens digit of 556226?
2
What is the units digit of 257923?
3
What is the tens digit of 64611?
1
What is the tens digit of 3148760?
6
What is the thousands digit of 337965?
7
What is the tens digit of 9805480?
8
What is the tens digit of 98493?
9
What is the hundred thousands digit of 2824684?
8
What is the units digit of 7983?
3
What is the ten thousands digit of 7988540?
8
What is the ten millions digit of 17118035?
1
What is the millions digit of 10199219?
0
What is the hundred thousands digit of 4594867?
5
What is the units digit of 2154198?
8
What is the hundreds digit of 7683063?
0
What is the ten thousands digit of 5751629?
5
What is the hundred thousands digit of 672729?
6
What is the units digit of 1647072?
2
What is the units digit of 20643465?
5
What is the units digit of 283716?
6
What is the hundred thousands digit of 1180143?
1
What is the hundred thousands digit of 7275644?
2
What is the units digit of 140729?
9
What is the units digit of 203953?
3
What is the units digit of 1163179?
9
What is the tens digit of 450954?
5
What is the units digit of 58373?
3
What is the millions digit of 9220846?
9
What is the hundred thousands digit of 3181875?
1
What is the ten thousands digit of 261552?
6
What is the thousands digit of 2367147?
7
What is the ten thousands digit of 232497?
3
What is the units digit of 5851889?
9
What is the hundreds digit of 368687?
6
What is the thousands digit of 1523494?
3
What is the units digit of 680901?
1
What is the tens digit of 1303254?
5
What is the tens digit of 7044244?
4
What is the hundred thousands digit of 920658?
9
What is the tens digit of 1267509?
0
What is the hundred thousands digit of 3542188?
5
What is the units digit of 94233?
3
What is the thousands digit of 5086981?
6
What is the tens digit of 95257?
5
What is the ten thousands digit of 625690?
2
What is the thousands digit of 9548085?
8
What is the millions digit of 3107182?
3
What is the thousands digit of 619885?
9
What is the units digit of 662891?
1
What is the ten thousands digit of 442994?
4
What is the tens digit of 610483?
8
What is the hundred thousands digit of 427353?
4
What is the tens digit of 1787242?
4
What is the units digit of 326271?
1
What is the units digit of 4924495?
5
What is the units digit of 1450562?
2
What is the ten thousands digit of 96958?
9
What is the ten thousands digit of 31002123?
0
What is the hundred thousands digit of 105968?
1
What is the tens digit of 1303295?
9
What is the units digit of 754467?
7
What is the ten thousands digit of 8220872?
2
What is the units digit of 733266?
6
What is the thousands digit of 5664232?
4
What is the ten thousands digit of 90891?
9
What is the thousands digit of 479033?
9
What is the thousands digit of 309218?
9
What is the units digit of 30749286?
6
What is the ten thousands digit of 13022589?
2
What is the hundred thousands digit of 1721820?
7
What is the tens digit of 259420?
2
What is the hundreds digit of 2653?
6
What is the hundred thousands digit of 21639431?
6
What is the hundred thousands digit of 1123373?
1
What is the tens digit of 1049782?
8
What is the units digit of 243977?
7
What is the units digit of 11266296?
6
What is the millions digit of 13852257?
3
What is the ten thousands digit of 5455333?
5
What is the thousands digit of 9877420?
7
What is the thousands digit of 14960956?
0
What is the hundreds digit of 26253377?
3
What is the hundred thousands digit of 193282?
1
What is the units digit of 2058055?
5
What is the thousands digit of 395425?
5
What is the hundreds digit of 183514?
5
What is the millions digit of 9611209?
9
What is the hundreds digit of 851086?
0
What is the ten thousands digit of 268122?
6
What is the units digit of 197910?
0
What is the tens digit of 9741?
4
What is the thousands digit of 2737185?
7
What is the thousands digit of 567027?
7
What is the tens digit of 1156588?
8
What is the hundreds digit of 18469816?
8
What is the tens digit of 178351?
5
What is the tens digit of 2207582?
8
What is the tens digit of 2492338?
3
What is the units digit of 308601?
1
What is the tens digit of 1225428?
2
What is the units digit of 4543435?
5
What is the units digit of 7844833?
3
What is the thousands digit of 8242918?
2
What is the tens digit of 1816879?
7
What is the tens digit of 359667?
6
What is the hundreds digit of 150418?
4
What is the thousands digit of 9704592?
4
What is the thousands digit of 23329697?
9
What is the tens digit of 20842984?
8
What is the hundreds digit of 856624?
6
What is the hundred thousands digit of 5313552?
3
What is the tens digit of 4078?
7
What is the units digit of 6240675?
5
What is the thousands digit of 788226?
8
What is the hundred thousands digit of 5551501?
5
What is the tens digit of 36333113?
1
What is the ten thousands digit of 3660328?
6
What is the tens digit of 11930653?
5
What is the thousands digit of 8459295?
9
What is the thousands digit of 266598?
6
What is the millions digit of 35622592?
5
What is the tens digit of 405699?
9
What is the ten thousands digit of 630103?
3
What is the units digit of 1515047?
7
What is the hundred thousands digit of 329337?
3
What is the millions digit of 1452948?
1
What is the millions digit of 3977947?
3
What is the units digit of 504990?
0
What is the units digit of 20532742?
2
What is the thousands digit of 2115250?
5
What is the hundred thousands digit of 2229077?
2
What is the thousands digit of 240059?
0
What is the tens digit of 209322?
2
What is the millions digit of 7630447?
7
What is the thousands digit of 3443265?
3
What is the tens digit of 909915?
1
What is the thousands digit of 12073660?
3
What is the thousands digit of 3636643?
6
What is the thousands digit of 16788?
6
What is the hundred thousands digit of 17551421?
5
What is the thousands digit of 187388?
7
What is the hundred thousands digit of 14226733?
2
What is the ten thousands digit of 16724889?
2
What is the units digit of 5082752?
2
What is the thousands digit of 5223661?
3
What is the hundred thousands digit of 185006?
1
What is the hundreds digit of 177715?
7
What is the tens digit of 4525625?
2
What is the hundred thousands digit of 178184?
1
What is the tens digit of 7000?
0
What is the millions digit of 7587791?
7
What is the hundreds digit of 676714?
7
What is the hundred thousands digit of 172431?
1
What is the millions digit of 3567884?
3
What is the hundreds digit of 382256?
2
What is the millions digit of 23329432?
3
What is the tens digit of 3100755?
5
What is the ten thousands digit of 1078499?
7
What is the ten thousands digit of 8558512?
5
What is the ten thousands digit of 654881?
5
What is the hundred thousands digit of 1042724?
0
What is the units digit of 159690?
0
What is the hundreds digit of 1985167?
1
What is the tens digit of 283320?
2
What is the thousands digit of 819947?
9
What is the units digit of 5524306?
6
What is the hundreds digit of 2464414?
4
What is the hundreds digit of 8117395?
3
What is the units digit of 366541?
1
What is the hundreds digit of 1436677?
6
What is the thousands digit of 29416458?
6
What is the units digit of 28184443?
3
What is the units digit of 405872?
2
What is the tens digit of 79926?
2
What is the ten thousands digit of 35035?
